= b - 11. Suppose 15*d - b = -0*d. What is the tens digit of w(d)?
9
What is the thousands digit of (-3952755)/(-55) + (4 - 141/33)?
1
Let h(b) = 25*b**2 + 109*b + 71. What is the units digit of h(-17)?
3
Suppose -7*j - j = 7896. Let k = j + 1512. Suppose 2*x - 6*w + 2*w - 224 = 0, 0 = 5*x - 3*w - k. What is the tens digit of x?
0
Let d(n) = 13*n**3 + 39*n**2 + 61*n + 53. Let r(l) = -10*l**2 - 13 - 46*l + 31*l - 2*l**3 - l**3. Let w(t) = 2*d(t) + 9*r(t). What is the tens digit of w(-11)?
1
Let y(b) = -21*b**3 + 23*b**2 - 45*b - 255. What is the thousands digit of y(-7)?
8
Let j = 133946 + -94567. What is the units digit of j?
9
Let g(z) = 68*z**3 - 16*z**2 + 6*z - 22. What is the thousands digit of g(7)?
2
Suppose 26*q + 1 = 25*q. What is the tens digit of q + 0 + (147 - -4)?
5
Let l = -41 - -45. Let h be (l + -5)/(3 - 84/27). Suppose 7*r + 38 = h*r. What is the tens digit of r?
1
Suppose 7*z + 104836 = 4*p + 3*z, 4*p + 4*z - 104772 = 0. What is the hundreds digit of p?
2
Suppose -9*q + 367 + 1577 = 0. What is the units digit of q?
6
Let c(g) be the third derivative of -g**6/120 + g**5/15 + g**4/8 - 5*g**3/2 - 16*g**2. Let q be c(4). What is the hundreds digit of (2/q)/((-2)/561)?
1
Let q(j) = j**3 - 6*j**2 - 3*j + 30. Suppose 19*s - 50 - 45 = 0. Let x be (s + -2 + 25)*1/4. What is the tens digit of q(x)?
5
Suppose 0 = -43*n - 112*n + 61*n + 1172744. What is the tens digit of n?
7
Let u = -1183 + 2535. Suppose 5*q - j = u, 19*q - 18*q = 4*j + 278. What is the hundreds digit of q?
2
What is the ten thousands digit of 21639 + (-2 - (-2 + 16))?
2
Let p be 108/(-8)*4/6. Let q(t) = -t**3 - 5*t**2 - 15*t + 15. What is the units digit of q(p)?
4
Suppose c - 3*l = 1872, 21*l = 19*l + 6. What is the tens digit of c?
8
Let q = 272 - -679. What is the units digit of q?
1
Suppose -7*w = 702 - 86. Let f = w + 95. Suppose -f*m = -2*m - 715. What is the tens digit of m?
4
Let o = 8682 - 2792. What is the hundreds digit of o?
8
Suppose 0 = -2*o + 2*t + 40300, -61*o - t - 60448 = -64*o. What is the tens digit of o?
4
Let b(v) = v**2 + 8*v + 16. Let f be b(-4). Let p be (44/20 - 3)*-5. What is the units digit of (-1)/2 + 638/p + f?
9
Let z(g) = -g**2 - 6*g - 29. Let t be z(-6). Let y be (10 - (-1 + 4))*t. What is the hundreds digit of y/3*(-3 - 0)?
2
What is the thousands digit of ((-5748282)/(-20))/9 + (-2 - (-42)/20)?
1
Let h(a) = 36709*a**3 + 10*a**2 - 8*a - 3. What is the units digit of h(1)?
8
Suppose -2*q - 3*t - 44 - 32 = 0, -t = 0. Let u = 74 + q. Suppose 10*l = 11*l - u. What is the units digit of l?
6
Suppose 4 = -8*s + 100. Suppose -s = 2*j - 5*j. Suppose j*i = -4*i + 912. What is the tens digit of i?
1
Let a(x) = 5*x**3 - 16*x**2 + 22*x - 44. Let k be a(-18). What is the units digit of k/(-160) + 3/5?
8
What is the thousands digit of 4095 + 1/((-8)/(-104))?
4
Let i = -27587 - -57059. What is the hundreds digit of i?
4
What is the hundreds digit of (-64)/144 - 2024000/(-99)?
4
Suppose 45642 = 4*a + 4*k + 226, 12*a = 5*k + 136163. What is the thousands digit of a?
1
Suppose 8984 = -2*v + 4*x, -3*x - 4 = -4*x. What is the hundreds digit of v/(-14) - (-1)/(35/(-10))?
3
What is the tens digit of ((-10)/125*-5)/((-8)/(-20)) + 16527?
2
Suppose -13*x = 6*x - 2147. Suppose -3*v + x = g + 2*v, 4*v = -g + 111. What is the tens digit of g?
0
Suppose 0 = g + 2*g + 315. Let i = -52 - g. What is the tens digit of (4 - 10/5)*i?
0
Suppose 4*w - 37 - 59 = 0. Let s be ((-1212)/w)/((-2)/4). Let q = s - 54. What is the tens digit of q?
4
Let c(m) be the second derivative of m**4/6 - m**3/2 - 28*m**2 - 77*m. What is the units digit of c(8)?
8
Let j(w) be the first derivative of w**4/4 - 2*w**3 - 2*w**2 + 15*w - 40. Let p be j(7). Suppose -p*t = -37*t + 280. What is the units digit of t?
0
Let n = 20126 + -14203. What is the thousands digit of n?
5
Suppose -163*y = -144*y - 107768. What is the units digit of y?
2
Let v = 14914 + -8405. What is the tens digit of v?
0
Let q = 185 - -9. Let d = -157 + q. What is the tens digit of d?
3
Let c = 125 + 14. Let m = c + -116. What is the units digit of m?
3
What is the hundreds digit of 14/((169/17147)/13)?
4
Let s = 1707 + 73. Suppose 4*c - 24*c + s = 0. What is the tens digit of c?
8
Suppose 4*r + 2*l = 6*l + 580, -r = -4*l - 160. Let d be 110/20 + (2/(-4))/1. Suppose r = -3*v + 5*v - d*u, 3*v - 210 = 2*u. What is the tens digit of v?
7
What is the thousands digit of 101874/14*(1064/76)/(2 + 0)?
0
Suppose 2718 = 5*b - 3537. Suppose -2*h - b - 669 = 0. What is the units digit of h/36*(-6)/5?
2
Suppose 78*k + 3479552 - 4739944 = 4328464. What is the ten thousands digit of k?
7
Let c(s) = s**3 - 10*s**2 + 4*s - 5. Let j be c(10). What is the tens digit of ((-2933)/j)/((-4)/60)?
5
Suppose -1 = -0*b - b - 3*g, 4*b = -4*g + 12. Suppose 5*j + b*l = 1395, -5*j + l = -1702 + 282. What is the units digit of j?
3
Let v be (20/(-25))/((-6)/(-390)). What is the units digit of 4227/13 + -2 + (-96)/v?
5
What is the tens digit of (-3)/((-3)/(-14)) + 4112?
9
Let n(z) = -3 + 4 + 3 + 4*z. Let x be 88/11 + (0 - 5). What is the tens digit of n(x)?
1
Let z = 1455 + -2520. Let v = z + 1774. What is the hundreds digit of v?
7
What is the tens digit of 7916 + (-10)/((-320)/112)*4/7?
1
Let m(t) = -t + 4. Let n be m(5). Let y(u) = u**3 + 10*u**2 - 21*u + 1. Let w be y(-11). What is the tens digit of (-4 + 3)/((-1)/(w + n))?
1
Suppose -32619 = -12*h + 41889. What is the tens digit of h?
0
Suppose -2*x + 91 - 343 = -j, -3*x + 518 = 2*j. Let c = -125 + j. What is the tens digit of c?
3
Suppose 0 = -57*g - 171*g - 24*g + 1357524. What is the tens digit of g?
8
Suppose 2*t - 1922 = 3*s, 4*t - 63*s = -62*s + 3824. What is the hundreds digit of t?
9
Let p be 2/(-17) + (-36)/(-17). Let h be -2 + 3 - (4/1 + -3). Suppose p*y = 5*j - 551, h = 2*j + 2*y - 4*y - 218. What is the hundreds digit of j?
1
Let u(o) = o**3 - 96*o**2 + 105*o - 376. What is the ten thousands digit of u(98)?
2
Let d(v) = 1. Let q(f) = -520*f + 1. Let o(x) = -2*d(x) - q(x). What is the hundreds digit of o(1)?
5
Let f = -34 + 37. Suppose -f*q - 4*w + 2*w + 2 = 0, 4*q + 4 = -4*w. What is the units digit of (q/10)/(1/200)?
0
Suppose -5*a = 5*i - 85, -4*i + 2*i + 5*a = 1. Let h(l) = l**2 + 25*l - 16. What is the units digit of h(i)?
8
Let m(z) = -z**3 + 12*z**2 - 7*z - 11. Let f(i) = i**2 - 4*i - 1. Let n = -1 - -7. Let u be f(n). What is the units digit of m(u)?
3
Let b be (-1)/((-9)/(-120)*12/(-27)). Suppose b*x - 29202 = -7602. What is the units digit of x?
0
Let y(j) = 175*j - 164. Let w be y(8). What is the hundreds digit of 20/50 - w/(-10)?
1
Suppose -98977 + 251731 + 225998 = 11*z. What is the hundreds digit of z?
4
Let f(p) = p + 31. Let v be f(-13). Suppose 2 = -i - y, -v = -2*i + i + 4*y. What is the tens digit of ((-10)/i)/(((-21)/(-24))/(-7))?
4
Suppose -17 + 11 = -3*b. Suppose y = -b - 2. Let m(q) = -33*q + 45. What is the tens digit of m(y)?
7
Let b(i) = 28*i**2 + 0*i + 2 - 26*i + 3*i + 8*i. What is the hundreds digit of b(-4)?
5
Let p(u) = 8*u + 46. Let v be p(9). Suppose h + a = 477, -a + 2385 = -113*h + v*h. What is the units digit of h?
7
Let b(j) = -2*j**2 + 88*j - 81. Let d be b(43). Let h(s) = 232*s - 46. What is the units digit of h(d)?
4
Suppose -818 = 10*z - 2648. Let a = z + -105. What is the tens digit of a?
7
What is the thousands digit of 60151 - (5/(-2) + (-510)/204)?
0
What is the ten thousands digit of -11 - -4*118375/10?
4
Let s = -23 - -26. Let p(t) = -t**2 + 5*t - 8. Let f be p(s). What is the units digit of (f/(-3))/(6 + (-20020)/3339)?
9
Let n be ((-129)/2)/(15/(-20)). Let m = n + -102. Let p(s) = -17*s - 32. What is the units digit of p(m)?
0
Suppose 0 = -3*r - 2*h - 6084 + 53855, 5*h = 2*r - 31803. What is the tens digit of r?
1
Let g = 43030 - 27433. What is the hundreds digit of g?
5
Suppose -o = 3*w, 0 = -3*o + 8*o - 4*w. Suppose -8*f - 3869 + 17437 = o. What is the tens digit of f?
9
Let r = 11478 - 6069. What is the thousands digit of r?
5
Suppose 18 = -2*u - u. Let z be 0 + u/(-2) - (2 + -1). What is the hundreds digit of z*(((-483)/(-2))/3 + -3)?
1
What is the hundreds digit of 88/(-132) - ((-9851)/3 + 3)?
2
Let p be ((-762)/(-18) - -2)*3. Suppose -2*c = -n + 6*n - 13, c - n - 3 = 0. Suppose p = -c*d + 561. What is the tens digit of d?
0
Suppose -2*